[INFO] cloning repository https://github.com/xiejianzheng/epoll-demo
[INFO] running `Command { std: "git" "-c" "credential.helper=" "-c" "credential.helper=/workspace/cargo-home/bin/git-credential-null" "clone" "--bare" "https://github.com/xiejianzheng/epoll-demo" "/workspace/cache/git-repos/https%3A%2F%2Fgithub.com%2Fxiejianzheng%2Fepoll-demo", kill_on_drop: false }`
[INFO] [stderr] Cloning into bare repository '/workspace/cache/git-repos/https%3A%2F%2Fgithub.com%2Fxiejianzheng%2Fepoll-demo'...
[INFO] running `Command { std: "git" "rev-parse" "HEAD", kill_on_drop: false }`
[INFO] [stdout] b5f7a31b947ebd071421d63b046352c68c4a76bd
[INFO] checking xiejianzheng/epoll-demo against master#af3c6e733a40e671550e0f0f5aeecaa13772ba56 for pr-74989
[INFO] running `Command { std: "git" "clone" "/workspace/cache/git-repos/https%3A%2F%2Fgithub.com%2Fxiejianzheng%2Fepoll-demo" "/workspace/builds/worker-4/source", kill_on_drop: false }`
[INFO] [stderr] Cloning into '/workspace/builds/worker-4/source'...
[INFO] [stderr] done.
[INFO] validating manifest of git repo https://github.com/xiejianzheng/epoll-demo on toolchain af3c6e733a40e671550e0f0f5aeecaa13772ba56
[INFO] running `Command { std: "/workspace/cargo-home/bin/cargo" "+af3c6e733a40e671550e0f0f5aeecaa13772ba56" "read-manifest" "--manifest-path" "Cargo.toml", kill_on_drop: false }`
[INFO] started tweaking git repo https://github.com/xiejianzheng/epoll-demo
[INFO] removed 1 missing tests
[INFO] finished tweaking git repo https://github.com/xiejianzheng/epoll-demo
[INFO] tweaked toml for git repo https://github.com/xiejianzheng/epoll-demo written to /workspace/builds/worker-4/source/Cargo.toml
[INFO] crate git repo https://github.com/xiejianzheng/epoll-demo already has a lockfile, it will not be regenerated
[INFO] running `Command { std: "/workspace/cargo-home/bin/cargo" "+af3c6e733a40e671550e0f0f5aeecaa13772ba56" "fetch" "--locked" "--manifest-path" "Cargo.toml", kill_on_drop: false }`
[INFO] running `Command { std: "docker" "create" "-v" "/var/lib/crater-agent-workspace/builds/worker-4/target:/opt/rustwide/target:rw,Z" "-v" "/var/lib/crater-agent-workspace/builds/worker-4/source:/opt/rustwide/workdir:ro,Z" "-v" "/var/lib/crater-agent-workspace/cargo-home:/opt/rustwide/cargo-home:ro,Z" "-v" "/var/lib/crater-agent-workspace/rustup-home:/opt/rustwide/rustup-home:ro,Z" "-e" "SOURCE_DIR=/opt/rustwide/workdir" "-e" "CARGO_TARGET_DIR=/opt/rustwide/target" "-e" "CARGO_HOME=/opt/rustwide/cargo-home" "-e" "RUSTUP_HOME=/opt/rustwide/rustup-home" "-w" "/opt/rustwide/workdir" "-m" "1610612736" "--user" "0:0" "--network" "none" "rustops/crates-build-env@sha256:d92eaeed33fa75130ca1ee6c8a01d1ffb62bac859dfdfb3450e3e5d1c0146529" "/opt/rustwide/cargo-home/bin/cargo" "+af3c6e733a40e671550e0f0f5aeecaa13772ba56" "metadata" "--no-deps" "--format-version=1", kill_on_drop: false }`
[INFO] [stdout] e6d65eb1fa68bb094dd4bce48c0178b4eaceb288bcfec009b3e78996a7c0ff90
[INFO] [stderr] WARNING: Your kernel does not support swap limit capabilities or the cgroup is not mounted. Memory limited without swap.
[INFO] running `Command { std: "docker" "start" "-a" "e6d65eb1fa68bb094dd4bce48c0178b4eaceb288bcfec009b3e78996a7c0ff90", kill_on_drop: false }`
[INFO] running `Command { std: "docker" "inspect" "e6d65eb1fa68bb094dd4bce48c0178b4eaceb288bcfec009b3e78996a7c0ff90", kill_on_drop: false }`
[INFO] running `Command { std: "docker" "rm" "-f" "e6d65eb1fa68bb094dd4bce48c0178b4eaceb288bcfec009b3e78996a7c0ff90", kill_on_drop: false }`
[INFO] [stdout] e6d65eb1fa68bb094dd4bce48c0178b4eaceb288bcfec009b3e78996a7c0ff90
[INFO] running `Command { std: "docker" "create" "-v" "/var/lib/crater-agent-workspace/builds/worker-4/target:/opt/rustwide/target:rw,Z" "-v" "/var/lib/crater-agent-workspace/builds/worker-4/source:/opt/rustwide/workdir:ro,Z" "-v" "/var/lib/crater-agent-workspace/cargo-home:/opt/rustwide/cargo-home:ro,Z" "-v" "/var/lib/crater-agent-workspace/rustup-home:/opt/rustwide/rustup-home:ro,Z" "-e" "SOURCE_DIR=/opt/rustwide/workdir" "-e" "CARGO_TARGET_DIR=/opt/rustwide/target" "-e" "CARGO_INCREMENTAL=0" "-e" "RUST_BACKTRACE=full" "-e" "RUSTFLAGS=--cap-lints=forbid" "-e" "CARGO_HOME=/opt/rustwide/cargo-home" "-e" "RUSTUP_HOME=/opt/rustwide/rustup-home" "-w" "/opt/rustwide/workdir" "-m" "1610612736" "--user" "0:0" "--network" "none" "rustops/crates-build-env@sha256:d92eaeed33fa75130ca1ee6c8a01d1ffb62bac859dfdfb3450e3e5d1c0146529" "/opt/rustwide/cargo-home/bin/cargo" "+af3c6e733a40e671550e0f0f5aeecaa13772ba56" "check" "--frozen" "--all" "--all-targets" "--message-format=json", kill_on_drop: false }`
[INFO] [stdout] 5517e0a304efe99fe79f00af3da7f23baf1f443ee38c22fcc913ac1c0283235b
[INFO] [stderr] WARNING: Your kernel does not support swap limit capabilities or the cgroup is not mounted. Memory limited without swap.
[INFO] running `Command { std: "docker" "start" "-a" "5517e0a304efe99fe79f00af3da7f23baf1f443ee38c22fcc913ac1c0283235b", kill_on_drop: false }`
[INFO] [stderr]     Checking cfg-if v0.1.7
[INFO] [stderr]     Checking remove_dir_all v0.5.1
[INFO] [stderr]     Checking log v0.4.6
[INFO] [stderr]     Checking net2 v0.2.33
[INFO] [stderr]     Checking tempdir v0.3.7
[INFO] [stderr]     Checking log v0.3.9
[INFO] [stderr]     Checking mio v0.7.0 (/opt/rustwide/workdir)
[INFO] [stdout] error[E0432]: unresolved import `sys::EventedFd`
[INFO] [stdout]   --> src/main.rs:39:13
[INFO] [stdout]    |
[INFO] [stdout] 39 |     pub use sys::EventedFd;
[INFO] [stdout]    |             ^^^^^^^^^^^^^^ no `EventedFd` in `sys`
[INFO] [stdout] 
[INFO] [stdout] 
[INFO] [stderr]     Checking env_logger v0.4.3
[INFO] [stdout] error[E0412]: cannot find type `Selector` in module `sys`
[INFO] [stdout]    --> src/poll.rs:330:20
[INFO] [stdout]     |
[INFO] [stdout] 330 |     selector: sys::Selector,
[INFO] [stdout]     |                    ^^^^^^^^ not found in `sys`
[INFO] [stdout]     |
[INFO] [stdout] help: consider importing this struct
[INFO] [stdout]     |
[INFO] [stdout] 1   | use sys::unix::Selector;
[INFO] [stdout]     |
[INFO] [stdout] 
[INFO] [stdout] 
[INFO] [stdout] error[E0412]: cannot find type `Awakener` in module `sys`
[INFO] [stdout]    --> src/poll.rs:486:20
[INFO] [stdout]     |
[INFO] [stdout] 486 |     awakener: sys::Awakener,
[INFO] [stdout]     |                    ^^^^^^^^ not found in `sys`
[INFO] [stdout]     |
[INFO] [stdout] help: consider importing this struct
[INFO] [stdout]     |
[INFO] [stdout] 1   | use sys::unix::Awakener;
[INFO] [stdout]     |
[INFO] [stdout] 
[INFO] [stdout] 
[INFO] [stdout] error[E0433]: failed to resolve: could not find `Selector` in `sys`
[INFO] [stdout]    --> src/poll.rs:656:28
[INFO] [stdout]     |
[INFO] [stdout] 656 |             selector: sys::Selector::new()?,
[INFO] [stdout]     |                            ^^^^^^^^ not found in `sys`
[INFO] [stdout]     |
[INFO] [stdout] help: consider importing this struct
[INFO] [stdout]     |
[INFO] [stdout] 1   | use sys::unix::Selector;
[INFO] [stdout]     |
[INFO] [stdout] 
[INFO] [stdout] 
[INFO] [stdout] error[E0412]: cannot find type `Events` in module `sys`
[INFO] [stdout]     --> src/poll.rs:1301:17
[INFO] [stdout]      |
[INFO] [stdout] 1301 |     inner: sys::Events,
[INFO] [stdout]      |                 ^^^^^^ not found in `sys`
[INFO] [stdout]      |
[INFO] [stdout] help: consider importing one of these items
[INFO] [stdout]      |
[INFO] [stdout] 1    | use Events;
[INFO] [stdout]      |
[INFO] [stdout] 1    | use sys::unix::Events;
[INFO] [stdout]      |
[INFO] [stdout] 
[INFO] [stdout] 
[INFO] [stdout] error[E0433]: failed to resolve: could not find `Events` in `sys`
[INFO] [stdout]     --> src/poll.rs:1392:25
[INFO] [stdout]      |
[INFO] [stdout] 1392 |             inner: sys::Events::with_capacity(capacity),
[INFO] [stdout]      |                         ^^^^^^ not found in `sys`
[INFO] [stdout]      |
[INFO] [stdout] help: consider importing one of these items
[INFO] [stdout]      |
[INFO] [stdout] 1    | use Events;
[INFO] [stdout]      |
[INFO] [stdout] 1    | use sys::unix::Events;
[INFO] [stdout]      |
[INFO] [stdout] 
[INFO] [stdout] 
[INFO] [stdout] error[E0412]: cannot find type `Selector` in module `sys`
[INFO] [stdout]     --> src/poll.rs:1543:39
[INFO] [stdout]      |
[INFO] [stdout] 1543 | pub fn selector(poll: &Poll) -> &sys::Selector {
[INFO] [stdout]      |                                       ^^^^^^^^ not found in `sys`
[INFO] [stdout]      |
[INFO] [stdout] help: consider importing this struct
[INFO] [stdout]      |
[INFO] [stdout] 1    | use sys::unix::Selector;
[INFO] [stdout]      |
[INFO] [stdout] 
[INFO] [stdout] 
[INFO] [stdout] error[E0433]: failed to resolve: could not find `Awakener` in `sys`
[INFO] [stdout]     --> src/poll.rs:2118:32
[INFO] [stdout]      |
[INFO] [stdout] 2118 |                 awakener: sys::Awakener::new()?,
[INFO] [stdout]      |                                ^^^^^^^^ not found in `sys`
[INFO] [stdout]      |
[INFO] [stdout] help: consider importing this struct
[INFO] [stdout]      |
[INFO] [stdout] 1    | use sys::unix::Awakener;
[INFO] [stdout]      |
[INFO] [stdout] 
[INFO] [stdout] 
[INFO] [stdout] error[E0412]: cannot find type `Events` in module `sys`
[INFO] [stdout]     --> src/poll.rs:2129:35
[INFO] [stdout]      |
[INFO] [stdout] 2129 |     fn poll(&self, dst: &mut sys::Events) {
[INFO] [stdout]      |                                   ^^^^^^ not found in `sys`
[INFO] [stdout]      |
[INFO] [stdout] help: consider importing one of these items
[INFO] [stdout]      |
[INFO] [stdout] 1    | use Events;
[INFO] [stdout]      |
[INFO] [stdout] 1    | use sys::unix::Events;
[INFO] [stdout]      |
[INFO] [stdout] 
[INFO] [stdout] 
[INFO] [stdout] warning: trait objects without an explicit `dyn` are deprecated
[INFO] [stdout]    --> src/event_imp.rs:164:22
[INFO] [stdout]     |
[INFO] [stdout] 164 | impl Evented for Box<Evented> {
[INFO] [stdout]     |                      ^^^^^^^ help: use `dyn`: `dyn Evented`
[INFO] [stdout]     |
[INFO] [stdout]     = note: `#[warn(bare_trait_objects)]` on by default
[INFO] [stdout] 
[INFO] [stdout] 
[INFO] [stdout] error: aborting due to 9 previous errors; 1 warning emitted
[INFO] [stdout] 
[INFO] [stdout] 
[INFO] [stderr] error: could not compile `mio`.
[INFO] [stderr] 
[INFO] [stderr] To learn more, run the command again with --verbose.
[INFO] [stderr] warning: build failed, waiting for other jobs to finish...
[INFO] [stdout] Some errors have detailed explanations: E0412, E0432, E0433.
[INFO] [stdout] 
[INFO] [stdout] For more information about an error, try `rustc --explain E0412`.
[INFO] [stdout] 
[INFO] [stdout] error[E0432]: unresolved import `sys::EventedFd`
[INFO] [stdout]   --> src/main.rs:39:13
[INFO] [stdout]    |
[INFO] [stdout] 39 |     pub use sys::EventedFd;
[INFO] [stdout]    |             ^^^^^^^^^^^^^^ no `EventedFd` in `sys`
[INFO] [stdout] 
[INFO] [stdout] 
[INFO] [stdout] error[E0412]: cannot find type `Selector` in module `sys`
[INFO] [stdout]    --> src/poll.rs:330:20
[INFO] [stdout]     |
[INFO] [stdout] 330 |     selector: sys::Selector,
[INFO] [stdout]     |                    ^^^^^^^^ not found in `sys`
[INFO] [stdout]     |
[INFO] [stdout] help: consider importing this struct
[INFO] [stdout]     |
[INFO] [stdout] 1   | use sys::unix::Selector;
[INFO] [stdout]     |
[INFO] [stdout] 
[INFO] [stdout] 
[INFO] [stdout] error[E0412]: cannot find type `Awakener` in module `sys`
[INFO] [stdout]    --> src/poll.rs:486:20
[INFO] [stdout]     |
[INFO] [stdout] 486 |     awakener: sys::Awakener,
[INFO] [stdout]     |                    ^^^^^^^^ not found in `sys`
[INFO] [stdout]     |
[INFO] [stdout] help: consider importing this struct
[INFO] [stdout]     |
[INFO] [stdout] 1   | use sys::unix::Awakener;
[INFO] [stdout]     |
[INFO] [stdout] 
[INFO] [stdout] 
[INFO] [stdout] error[E0433]: failed to resolve: could not find `Selector` in `sys`
[INFO] [stdout]    --> src/poll.rs:656:28
[INFO] [stdout]     |
[INFO] [stdout] 656 |             selector: sys::Selector::new()?,
[INFO] [stdout]     |                            ^^^^^^^^ not found in `sys`
[INFO] [stdout]     |
[INFO] [stdout] help: consider importing this struct
[INFO] [stdout]     |
[INFO] [stdout] 1   | use sys::unix::Selector;
[INFO] [stdout]     |
[INFO] [stdout] 
[INFO] [stdout] 
[INFO] [stdout] error[E0412]: cannot find type `Events` in module `sys`
[INFO] [stdout]     --> src/poll.rs:1301:17
[INFO] [stdout]      |
[INFO] [stdout] 1301 |     inner: sys::Events,
[INFO] [stdout]      |                 ^^^^^^ not found in `sys`
[INFO] [stdout]      |
[INFO] [stdout] help: consider importing one of these items
[INFO] [stdout]      |
[INFO] [stdout] 1    | use Events;
[INFO] [stdout]      |
[INFO] [stdout] 1    | use sys::unix::Events;
[INFO] [stdout]      |
[INFO] [stdout] 
[INFO] [stdout] 
[INFO] [stdout] error[E0433]: failed to resolve: could not find `Events` in `sys`
[INFO] [stdout]     --> src/poll.rs:1392:25
[INFO] [stdout]      |
[INFO] [stdout] 1392 |             inner: sys::Events::with_capacity(capacity),
[INFO] [stdout]      |                         ^^^^^^ not found in `sys`
[INFO] [stdout]      |
[INFO] [stdout] help: consider importing one of these items
[INFO] [stdout]      |
[INFO] [stdout] 1    | use Events;
[INFO] [stdout]      |
[INFO] [stdout] 1    | use sys::unix::Events;
[INFO] [stdout]      |
[INFO] [stdout] 
[INFO] [stdout] 
[INFO] [stdout] error[E0412]: cannot find type `Selector` in module `sys`
[INFO] [stdout]     --> src/poll.rs:1543:39
[INFO] [stdout]      |
[INFO] [stdout] 1543 | pub fn selector(poll: &Poll) -> &sys::Selector {
[INFO] [stdout]      |                                       ^^^^^^^^ not found in `sys`
[INFO] [stdout]      |
[INFO] [stdout] help: consider importing this struct
[INFO] [stdout]      |
[INFO] [stdout] 1    | use sys::unix::Selector;
[INFO] [stdout]      |
[INFO] [stdout] 
[INFO] [stdout] 
[INFO] [stdout] error[E0433]: failed to resolve: could not find `Awakener` in `sys`
[INFO] [stdout]     --> src/poll.rs:2118:32
[INFO] [stdout]      |
[INFO] [stdout] 2118 |                 awakener: sys::Awakener::new()?,
[INFO] [stdout]      |                                ^^^^^^^^ not found in `sys`
[INFO] [stdout]      |
[INFO] [stdout] help: consider importing this struct
[INFO] [stdout]      |
[INFO] [stdout] 1    | use sys::unix::Awakener;
[INFO] [stdout]      |
[INFO] [stdout] 
[INFO] [stdout] 
[INFO] [stdout] error[E0412]: cannot find type `Events` in module `sys`
[INFO] [stdout]     --> src/poll.rs:2129:35
[INFO] [stdout]      |
[INFO] [stdout] 2129 |     fn poll(&self, dst: &mut sys::Events) {
[INFO] [stdout]      |                                   ^^^^^^ not found in `sys`
[INFO] [stdout]      |
[INFO] [stdout] help: consider importing one of these items
[INFO] [stdout]      |
[INFO] [stdout] 1    | use Events;
[INFO] [stdout]      |
[INFO] [stdout] 1    | use sys::unix::Events;
[INFO] [stdout]      |
[INFO] [stdout] 
[INFO] [stdout] 
[INFO] [stdout] error: trait objects without an explicit `dyn` are deprecated
[INFO] [stdout]    --> src/event_imp.rs:164:22
[INFO] [stdout]     |
[INFO] [stdout] 164 | impl Evented for Box<Evented> {
[INFO] [stdout]     |                      ^^^^^^^ help: use `dyn`: `dyn Evented`
[INFO] [stdout]     |
[INFO] [stdout] note: the lint level is defined here
[INFO] [stdout]    --> src/main.rs:1:24
[INFO] [stdout]     |
[INFO] [stdout] 1   | #![cfg_attr(test, deny(warnings))]
[INFO] [stdout]     |                        ^^^^^^^^
[INFO] [stdout]     = note: `#[deny(bare_trait_objects)]` implied by `#[deny(warnings)]`
[INFO] [stdout] 
[INFO] [stdout] 
[INFO] [stdout] error: aborting due to 10 previous errors
[INFO] [stdout] 
[INFO] [stdout] 
[INFO] [stdout] Some errors have detailed explanations: E0412, E0432, E0433.
[INFO] [stdout] 
[INFO] [stdout] For more information about an error, try `rustc --explain E0412`.
[INFO] [stdout] 
[INFO] [stderr] error: build failed
[INFO] running `Command { std: "docker" "inspect" "5517e0a304efe99fe79f00af3da7f23baf1f443ee38c22fcc913ac1c0283235b", kill_on_drop: false }`
[INFO] running `Command { std: "docker" "rm" "-f" "5517e0a304efe99fe79f00af3da7f23baf1f443ee38c22fcc913ac1c0283235b", kill_on_drop: false }`
[INFO] [stdout] 5517e0a304efe99fe79f00af3da7f23baf1f443ee38c22fcc913ac1c0283235b
